lculate the remainder when n is divided by r.
14
Let g(s) = s**3 + 4*s**2 - 4*s - 1. What is the remainder when 37 is divided by g(-3)?
17
Let r = -34 - -56. Calculate the remainder when r is divided by 3.
1
Let s(t) = -t**3 - 3*t**2 + 5*t - 3. Let c = -125 + 180. What is the remainder when s(-5) is divided by (132/c)/((-6)/(-20))?
6
Let t(p) = -10*p - 8. What is the remainder when t(-3) is divided by 13?
9
Suppose 6*r = r + 185. What is the remainder when r is divided by 13?
11
Suppose 2*y + 3*f + 10 = 31, 2*y - 2*f = 26. Calculate the remainder when 70 is divided by y.
10
Let h = 18 + 4. Let c(y) = -y**3 + 3 - 6*y**2 - 3*y - 6 + y**2. What is the remainder when h is divided by c(-5)?
10
Let w = -4 + 24. Calculate the remainder when 158 is divided by w.
18
Let t = -36 - -64. What is the remainder when t is divided by 16?
12
Let g(x) = -x**2 - 5*x + 3. Let p be g(-5). Suppose -14 = 2*k - 60. Calculate the remainder when (-3)/p + (68 - 0) is divided by k.
21
Suppose 11*o - 4*o = 35. What is the remainder when 7 is divided by o?
2
What is the remainder when 78 is divided by 1/((-4)/(-4) - 38/40)?
18
Suppose 135 = 5*m + 25. Calculate the remainder when m is divided by 8.
6
What is the remainder when 58 is divided by 6/5*200/16?
13
Suppose 2*s = -0*s - h + 173, -s + 88 = h. What is the remainder when s is divided by 5/(-10)*2 - -30?
27
Let v = -17 - -32. What is the remainder when 43 is divided by v?
13
Suppose 0 = 4*c + 16, -12 = -3*j - 2*c + 28. What is the remainder when 45 is divided by j?
13
Let p = 25 - 22. What is the remainder when 9 is divided by p?
0
Let z = 3 - 5. Let k = 30 + z. Let p(g) = -g**3 + 6*g**2 + 10*g - 6. What is the remainder when k is divided by p(7)?
13
Let w(v) = 4*v - 2. Calculate the remainder when w(20) is divided by 27.
24
Suppose 3*k - 738 = -4*j - 165, 740 = 5*j - k. Suppose 3*t = -0*t + j. Calculate the remainder when t is divided by 17.
15
Let l(h) = 9*h + 1. What is the remainder when 56 is divided by l(2)?
18
Let r(q) = -2*q**3 - 14*q**2 - 3*q - 7. What is the remainder when r(-7) is divided by 8?
6
Suppose -h + 4 = -8*b + 3*b, 4 = -h - 3*b. Let p be h + -1 + 49 + -2. Let x = 79 - p. Calculate the remainder when x is divided by 12.
10
Suppose 5*c + 675 = 5*m, 3*c - 5*c - 8 = 0. Calculate the remainder when m is divided by 44.
43
Let i = -10 - -18. What is the remainder when 14 is divided by (i/(-20))/(1/(-20))?
6
Let c be 15/(-10)*(-190)/3. Suppose -c = n - 6*n. Calculate the remainder when n is divided by 10.
9
Let k be -1 - -7 - 2/(-2). Suppose k*w + 4*s = 3*w - 148, 6 = 3*s. Let p = -27 - w. Calculate the remainder when 46 is divided by p.
10
Suppose 2*f + 18 = 4*c, 3*f - 2*c - 23 = -6*c. Let p = 4 - f. What is the remainder when p is divided by (-1)/(-3)*(3 - -3)?
1
Suppose -4*n + n = 9, 2*o - 3*n - 189 = 0. Suppose 3*v - o = -2*v. Calculate the remainder when 53 is divided by v.
17
Let v = -4 - -20. Let o(i) = -3*i + 0*i**2 + 3*i**2 + 2*i - 5. What is the remainder when o(-4) is divided by v?
15
Let w = -120 + 133. What is the remainder when 47 is divided by w?
8
Let h = 10 - -27. Calculate the remainder when h is divided by 19.
18
Let a = 15 + -13. Suppose -12 = -5*c + a*c. What is the remainder when 4 is divided by c?
0
Let d = -12 + 16. Suppose -5*s + 3*o + 7 = 2*o, -12 = -4*o. Suppose -r + s = -1. What is the remainder when d is divided by r?
1
Suppose -2*b = -4*d + 12, -5*d + 3*b = -0*b - 16. What is the remainder when 5 is divided by d?
1
Suppose 0 = 12*v + 124 - 376. Calculate the remainder when 292 is divided by v.
19
Let n = 44 + -29. Calculate the remainder when 22 is divided by 34/3 - (-10)/n.
10
Let p(r) = r**2 + 9*r - 6. Let n be p(-10). Suppose -50 = n*c - 150. Let u(k) = k + 49. What is the remainder when u(0) is divided by c?
24
Suppose 8*n = 4*n + 8. What is the remainder when -15*(32/(-12))/n is divided by 7?
6
Suppose -3*y - 11 = 3*x + 2*x, 4*y + 2*x - 4 = 0. Suppose 0 = -3*o + 4*v - 14, -y*v + 20 = 5. What is the remainder when 5 is divided by o?
1
Let d(x) = 6*x**2 + x + x**3 - x**2 - 4*x**2 - 3*x. Let b be d(-2). Suppose b = -4*c + 113 + 27. Calculate the remainder when c is divided by 12.
11
Calculate the remainder when (1 + 0)/((-6)/(-180)) is divided by 10.
0
Suppose -3*h = -4*h + 24. Let b = -9 + h. What is the remainder when b is divided by 4?
3
Let g(n) = 5*n - 10. Calculate the remainder when 18 is divided by g(4).
8
Let d(i) = 7*i**2 - i. Calculate the remainder when 19 is divided by d(1).
1
Let u(j) be the first derivative of j**3/3 - 3*j**2/2 - 4*j + 3. Let d be u(7). Suppose -3*f = -f - d. Calculate the remainder when 35 is divided by f.
11
Suppose 2 - 26 = -2*w. Let a(g) = -g**2 - 8*g - 7. Calculate the remainder when w is divided by a(-6).
2
Let w = 14 - 8. Suppose w*a - 2 = 4*a. Calculate the remainder when 1 is divided by a.
0
Suppose -5*w + 4*v = -53, 0 = -3*w - v + 6*v + 24. Suppose 3*y - w = -4. Calculate the remainder when 3 is divided by y.
0
Suppose -3*d + 5*t = -50, 2*d + d - 38 = 2*t. Calculate the remainder when 18 is divided by d.
8
Let b = 124 + -56. Suppose b = s + 3*g - 25, -5*s + 401 = -g. Calculate the remainder when s is divided by 21.
18
Let p(t) = t**2 + 8*t - 5. What is the remainder when (-5)/4*(-1 - 3) is divided by p(-9)?
1
Suppose -6*d - 3 = -7*d. What is the remainder when d is divided by 2?
1
Suppose -2*u = 4*m - 28, 4*m + 3*u = 13 + 19. Suppose -2*p = -p - m. Calculate the remainder when 18 is divided by p.
3
Suppose -4*i + 67 = -17. Let x(h) = 2*h**3 - 15*h**2 + 6*h + 18. Calculate the remainder when i is divided by x(7).
10
Suppose 0 = 2*s - 0*s + 24. Calculate the remainder when 70 is divided by (-212)/s + 2/6.
16
Let v = -85 - -99. What is the remainder when v is divided by 10?
4
What is the remainder when 57 is divided by (-188)/(-6) + 5/(-15)?
26
Let u be (1 - -2)/((-9)/(-6)). Suppose 3*k - 53 = u*k. Calculate the remainder when k is divided by 18.
17
Let c(p) = -p. Let m = 7 - 13. Calculate the remainder when (1 + 1)*17/2 is divided by c(m).
5
Let q = -120 - -146. Let s be ((-2)/6)/((-2)/12). What is the remainder when q is divided by 14/4*1*s?
5
Suppose 0 = -2*i - 41 + 11. Let d = -6 - -34. Let g = d + i. Calculate the remainder when 36 is divided by g.
10
Let j(d) be the third derivative of -d**6/120 - d**5/60 - d**4/24 + 3*d**3/2 - 2*d**2. What is the remainder when 33 is divided by j(0)?
6
Suppose 2*l = 30 + 6. Calculate the remainder when 124 is divided by l.
16
Suppose 0 = 2*c - 6*c + 56. Suppose 5*k - 24 = 16. Calculate the remainder when c is divided by k.
6
Let m(d) = 4*d**2 + 2*d + 3. What is the remainder when 59 is divided by m(-2)?
14
Let k = 9 - 5. Suppose -5*r + 159 = l, 2*r + 0*l = l + 65. Let w = -27 + r. What is the remainder when w is divided by k?
1
What is the remainder when 52 is divided by (-20)/30 - 112/(-6)?
16
Let f(w) = w**2 - 4*w - 8. Let b be f(6). Let h = b - 10. Calculate the remainder when ((-68)/6)/(2/h) is divided by 12.
10
Let n = 108 + -58. Let q(l) = l**3 - 3*l**2 - 5*l + 1. What is the remainder when n is divided by q(5)?
24
Let y(d) = 3*d + 0*d**2 - 2*d + 7*d**2. Suppose 0 = -0*j + 3*j + 3. Calculate the remainder when y(j) is divided by 4.
2
Let n(x) = x**2 + 6*x + 7. Let z be n(-5). Let a = 6 - z. Suppose 22 = 3*c + 4. Calculate the remainder when c is divided by a.
2
Suppose 0 = -3*n + 4 - 52. Let t = 22 + n. What is the remainder when 11 is divided by t?
5
Let y(s) = -1 - 5 + s + s - 3*s. What is the remainder when y(-13) is divided by 4?
3
What is the remainder when 61 is divided by 2/4*-4 - -23?
19
What is the remainder when 517/55*(-2 - -7)*1 is divided by 26?
21
Let g = 13 + 6. Calculate the remainder when 36 is divided by g.
17
Let i(s) = -s**2 + 5*s + 38. What is the remainder when 47 is divided by i(7)?
23
Let q(w) be the third derivative of w**6/24 + 2*w**2. Calculate the remainder when 7 is divided by q(1).
2
Suppose 5*p = p + 260. Suppose 2*t + 2*f - 37 = -f, 3*t - p = 5*f. Calculate the remainder when t is divided by 7.
6
Let i(p) = -p**2 - 4*p - 1. Let g be i(-3). Suppose -g*r + 147 = r. Calculate the remainder when r is divided by 13.
10
Suppose -5*j = -j + 20, 3*v - 2*j = 43. What is the remainder when v is divided by 3?
2
Let a = 7 + -7. Suppose 0 = -a*o - o + 11. Calculate t